110 + 21220010012220120?
21220010012220010
In base 8, what is 510 - 374166?
-373456
In base 9, what is 81278503 + 3?
81278506
In base 7, what is -110 - -106361?
106251
In base 2, what is 101110001011 - -10110010101101?
11100000111000
In base 14, what is -1d484b9 + 5?
-1d484b4
In base 13, what is -3b9381 - 2?
-3b9383
In base 16, what is -425 + 31e03?
319de
In base 7, what is -25 + 61362121?
61362063
In base 5, what is -1043 + -10443203?
-10444301
In base 2, what is 1011010001001000 - 101010011111?
1010100110101001
In base 12, what is 356 - 290654?
-2902ba
In base 14, what is 0 + 9abdbca?
9abdbca
In base 4, what is -20 + -20012222012002?
-20012222012022
In base 13, what is -5 - 1603111?
-1603116
In base 16, what is 24 - aa031?
-aa00d
In base 12, what is 39 - -b25104?
b25141
In base 11, what is -136 + 658653?
658518
In base 2, what is -100101000010001101000000 + 100010?
-100101000010001100011110
In base 2, what is -111001 - 10101010001101?
-10101011000110
In base 5, what is -4322224030 + 3?
-4322224022
In base 5, what is 1344220114 - -12?
1344220131
In base 4, what is 113 - 122213202?
-122213023
In base 3, what is 111102 - -100111210210?
100112022012
In base 3, what is 100 + 21202121100200?
21202121101000
In base 12, what is -a9 + -145323?
-145410
In base 10, what is -140 - -243231?
243091
In base 16, what is -34 + 1002f?
fffb
In base 3, what is -1010 + -1021210022120?
-1021210100200
In base 13, what is 5 - 20bc04?
-20bbcc
In base 2, what is 101110101 + -100101101100101000?
-100101100110110011
In base 8, what is 55 + -7063752?
-7063675
In base 7, what is 3500342 + 163?
3500535
In base 14, what is 49 - -64aaa?
64b15
In base 8, what is -23 + -3011676?
-3011721
In base 12, what is -9 - 624344?
-624351
In base 8, what is -712 - 37506?
-40420
In base 7, what is 260150 - -46420?
336600
In base 9, what is 175 + 48407?
48583
In base 13, what is 9 + -1031c44a?
-1031c441
In base 5, what is 11221314 + -143?
11221121
In base 15, what is -d9eb226 - -2?
-d9eb224
In base 7, what is 132501116 + -3?
132501113
In base 4, what is 11202 + -20030333?
-20013131
In base 14, what is -a086 + 4764?
-5722
In base 6, what is -1 - -102141055?
102141054
In base 9, what is 15625053 + -62?
15624881
In base 14, what is -ba2a8 - 8?
-ba2b2
In base 12, what is -9930b + 728?
-987a3
In base 5, what is -20402233 + 24?
-20402204
In base 16, what is -271e60d - 4?
-271e611
In base 6, what is 10341 - -1343202?
1353543
In base 5, what is 10 - 1144113221403?
-1144113221343
In base 11, what is -23 + 4289066?
4289043
In base 5, what is -3000 - 33234240?
-33242240
In base 11, what is 254 - 857a2?
-85549
In base 7, what is -3 - -11051125?
11051122
In base 12, what is -9ba + 20a6?
12a8
In base 13, what is 10a8699 - 81?
10a8618
In base 7, what is -6631011 + -36?
-6631050
In base 7, what is -323605564 + -4?
-323605601
In base 13, what is -83770 + 127?
-83646
In base 12, what is -5 + 55062b7?
55062b2
In base 15, what is c - -13336?
13343
In base 5, what is 3 + -1243041420?
-1243041412
In base 16, what is 3d - 11c15?
-11bd8
In base 5, what is 0 + 444341441142?
444341441142
In base 8, what is 1510245323 - -1?
1510245324
In base 12, what is 11428 + -100?
11328
In base 9, what is 56 + 2580640?
2580706
In base 4, what is 3 + -111221303031?
-111221303022
In base 3, what is 1102002110100211 + 2?
1102002110100220
In base 15, what is -1 + -c1ca2?
-c1ca3
In base 4, what is 23123230023 - -22?
23123230111
In base 8, what is -1677100464 + 1?
-1677100463
In base 14, what is -4cdb - -18?
-4cc3
In base 3, what is 201010212 - 111210?
200122002
In base 6, what is 11 + -220002411?
-220002400
In base 9, what is 2107288 + -1057?
2106231
In base 7, what is -416514 - -152?
-416332
In base 13, what is 97cc - 301?
94cb
In base 6, what is -5 - -3421435002?
3421434553
In base 13, what is 0 - -197710c?
197710c
In base 9, what is -4404248504 + 2?
-4404248502
In base 10, what is -5307987 - -4?
-5307983
In base 14, what is -a7d3 - -1b?
-a7b6
In base 14, what is -2 - -a64847?
a64845
In base 6, what is 35053115324 + 4?
35053115332
In base 14, what is -3 + 152297?
152294
In base 6, what is -4421145 + 2233?
-4414512
In base 9, what is 568012 + -401?
567511
In base 13, what is 5c + -3259973?
-3259914
In base 3, what is -100 + -1021002001100102?
-1021002001100202
In base 10, what is -667733 - -13?
-667720
In base 4, what is -11113301 + -123300?
-11303201
In base 14, what is 947 + adb?
1644
In base 14, what is 20 - a20c1d?
-a20bdd
In base 10, what is 3 + -5190703?
-5190700
In base 8, what is -6013 + -1600?
-7613
In base 7, what is -323536666 + -46?
-323540045
In base 2, what is -11100 - 10101100011010010?
-10101100011101110
In base 7, what is -52460 - -46062?
-3365
In base 12, what is -263 + 877a3?
87540
In base 7, what is 1234361 + 3?
1234364
In base 7, what is -164251 + -16422?
-214003
In base 9, what is -1324072 + 40?
-1324032
In base 13, what is 1170c7c8 + -2?
1170c7c6
In base 4, what is -30200 - -121320?
31120
In base 7, what is 35364014266 - -5?
35364014304
In base 4, what is 13211122111 - 232?
13211121213
In base 12, what is -89a + -a839?
-b517
In base 7, what is -451 + -15204253?
-15205034
In base 7, what is 0 + 3541001?
3541001
In base 7, what is -6 - 1111335310?
-1111335316
In base 3, what is 10 + -1011222121210120?
-1011222121210110
In base 11, what is 104 + -12288a7?
-12287a3
In base 11, what is -2721 - -1142a?
9809
In base 12, what is -1 - 8882633?
-8882634
In base 3, what is -222022122010 + 11201?
-222022110102
In base 10, what is 163 + -1147933?
-1147770
In base 10, what is 156755 + -567?
156188
In base 13, what is -10 - 1abab87?
-1abab97
In base 3, what is -21 + 1200021101212221?
1200021101212200
In base 8, what is 23 + -107103426?
-107103403
In base 9, what is 1881174 - -120?
1881304
In base 14, what is 279 - 405b?
-3bc2
In base 2, what is -10010 - 100000011110101111100010010?
-100000011110101111100100100
In base 7, what is 45 + -1125162?
-1125114
In base 10, what is 91 + -925441?
-925350
In base 11, what is -43 - -492497?
492454
In base 2, what is 1110 - 11010001011101001110100?
-11010001011101001100110
In base 12, what is -3985 - -2348?
-1639
In base 15, what is -48e5ba88 + -2?
-48e5ba8a
In base 2, what is 100 + -110001000000010010000010?
-110001000000010001111110
In base 6, what is -3432250541 - 4?
-3432250545
In base 5, what is -420422401 - -112?
-420422234
In base 3, what is 210022020 - -12112?
210111202
In base 15, what is 28 + b?
34
In base 6, what is -3 + 50110005431?
50110005424
In base 3, what is 101 + -2022001112112000?
-2022001112111122
In base 5, what is 433 - -11201131?
11202114
In base 5, what is 1 - -103102012?
103102013
In base 5, what is -3132223221 + 11?
-3132223210
In base 4, what is 3201 - 31312033122?
-31312023321
In base 13, what is -19556 - -1a?
-19539
In base 7, what is 4022041 + 26?
4022100
In base 2, what is -11011110110000010000000 + 0?
-11011110110000010000000
In base 15, what is 404c770 - -3?
404c773
In base 16, what is 1 - -cf013?
cf014
In base 14, what is -3885 - -29361?
258ba
In base 15, what is 19 - -92aa98?
92aab2
In base 4, what is 1 + -2311221133?
-2311221132
In base 10, what is 740387 - -12?
740399
In base 2, what is -110011 - -10101011100111111?
10101011100001100
In base 16, what is -3e2f4a5 + 1?
-3e2f4a4
In base 4, what is -13122202300 - 12?
-13122202312
In base 5, what is 133 + -111313431?
-111313243
In base 8, what is 4 - -553353416?
553353422
In base 12, what is -150 + aa0105?
a9bb75
In base 9, what is -6 + -524284?
-524301
In base 16, what is 5b7539 - a3?
5b7496
In base 9, what is -426 - -263476?
263050
In base 3, what is -10 + -1210000001221?
-1210000002001
In base 13, what is 3 - 1c184a29?
-1c184a26
In base 2, what is 11001011101000100011 - -101?
11001011101000101000
In base 5, what is 4004 - 443301413?
-443242404
In base 7, what is 2430 - 553455?
-551025
In base 9, what is -31281026 - -1?
-31281025
In base 15, what is -3e69b0 + 3?
-3e69ac
In base 12, what is 23246b + ab?
23255a
In base 11, what is 43034 + 14?
43048
In base 8, what is -21 - -206411005?
206410764
In base 6, what is -5 + -4243305255?
-4243305304
In base 2, what is 100110 + -1000000000010101?
-111111111101111
In base 7, what is -46552 - 3605?
-53460
In base 3, what is -10 + -201221012112000?
-201221012112